4078*a - 9809. Give c(-818).
7
Let t(m) = -m**3 + 14*m**2 + 49*m - 286. Calculate t(6).
296
Let h(o) = o**2 + 4617*o. Calculate h(0).
0
Let a(r) = r**2 - 1690*r + 88354. Give a(54).
10
Let d(l) = -67652*l + 202942. Determine d(3).
-14
Let h(r) = 69*r - 370. What is h(-8)?
-922
Let r(z) = z**3 - 200*z**2 - 16246*z - 76. Give r(-62).
48
Let x(y) = -7661*y + 566808. What is x(74)?
-106
Let j(x) = -85*x**2 - 53721*x - 730. Determine j(-632).
-98
Let f(b) = -16881*b - 540565. Calculate f(-32).
-373
Let g(a) = 2757*a + 19894. What is g(-8)?
-2162
Let w(c) = -9800*c - 19736. What is w(-2)?
-136
Let h(y) = -10711430*y + 85691446. Give h(8).
6
Let w(v) = -39698*v - 396751. Give w(-10).
229
Let x(t) = -4*t**3 + 6*t**2 + 113*t - 372. What is x(3)?
-87
Let j(b) = 42*b - 1858. Calculate j(37).
-304
Let l(g) = 10*g**3 + 407*g**2 - 126*g - 300. What is l(-41)?
-177
Let r(d) = -3*d**3 + 33*d**2 + 5177*d - 56952. Determine r(11).
-5
Let p(k) = -2452*k - 9791. Give p(-4).
17
Let f(t) = t**3 + 111*t**2 + 116*t + 680. What is f(-110)?
20
Let s(a) = 76*a + 33780. Give s(-454).
-724
Let r(n) = -2*n**3 + 104*n**2 - 238*n - 2670. What is r(49)?
74
Let d(c) = c**2 + 148*c + 1340. Determine d(-9).
89
Let f(g) = -5384*g - 43123. Determine f(-8).
-51
Let d(w) = -w**2 - 86*w - 1657. Calculate d(-52).
111
Let q(x) = 20*x**3 - x**2 + 85*x - 222. Determine q(3).
564
Let z(b) = -b**3 + 16*b**2 + 306*b - 673. Calculate z(27).
-430
Let m(s) = -s**3 + 36*s**2 - 238*s + 150. What is m(28)?
-242
Let x(a) = 10*a**2 - 245*a + 146. Determine x(28).
1126
Let y(m) = -2*m**3 - 65*m**2 - 402*m + 2177. Give y(-18).
17
Let y(w) = -w**3 - 244*w**2 - 3*w - 60760. Determine y(-245).
0
Let g(z) = -833*z - 108254. What is g(-130)?
36
Let b(n) = 12246*n + 61191. Determine b(-5).
-39
Let g(u) = -518*u + 101017. Calculate g(196).
-511
Let m(n) = 10*n**2 - 753*n - 4507. What is m(-6)?
371
Let v(k) = -2*k**3 + 3*k**2 + 338*k + 1494. What is v(-6)?
6
Let z(c) = 84747*c**2 - 84734*c - 5. Calculate z(1).
8
Let u(w) = 2*w**3 + 25*w**2 - 15*w + 290. Determine u(-12).
614
Let j(v) = -13*v**2 - 2712*v + 3794. Calculate j(-210).
14
Let o(h) = h**3 + 26*h**2 - 7*h - 258. What is o(-26)?
-76
Let h(u) = -101588*u + 1320650. Give h(13).
6
Let g(k) = -8*k**2 + 78*k - 512. Calculate g(0).
-512
Let m(j) = -2*j**3 - 101*j**2 + 241*j + 4416. Give m(-52).
-4
Let s(p) = p**3 + 683*p**2 - 9817*p - 41122. What is s(-697)?
1
Let z(v) = -3*v**3 - 148*v**2 - 48*v - 80. Give z(-49).
-129
Let g(b) = 122*b**2 + 3167*b - 66. Calculate g(-26).
64
Let m(f) = -f**3 + 143*f**2 - 1499*f + 259403. What is m(145)?
-2
Let g(s) = -s**3 - 49*s**2 - 476*s - 27099. Determine g(-50).
-799
Let t(v) = 65*v - 524. Determine t(9).
61
Let v(r) = -2*r**2 - 3440*r + 700696. Determine v(184).
24
Let x(m) = -2380*m + 671222. Give x(282).
62
Let x(q) = -27*q**2 + 34171*q + 13923. Give x(1266).
-3
Let d(a) = 7*a**2 + 167*a - 1767. Give d(10).
603
Let q(a) = -9*a**3 - 1107*a**2 + 22*a + 2712. What is q(-123)?
6
Let d(g) = -g**3 - 26*g**2 - 18*g - 451. What is d(-28)?
1621
Let a(t) = 4*t**2 - 9364*t - 6. What is a(0)?
-6
Let g(t) = t**3 - 81*t**2 - 312*t - 2344. Calculate g(85).
36
Let w(r) = 3*r**2 - 3039*r + 551741. Give w(237).
5
Let f(l) = -3*l**3 + 26*l**2 + 157*l - 452. What is f(12)?
-8
Let v(q) = -q**3 - 319*q**2 + 717*q + 22340. Calculate v(-321).
-1735
Let i(n) = 57017*n - 513179. Determine i(9).
-26
Let q(s) = -3*s**3 - 519*s**2 + 1568*s - 1350. What is q(-176)?
1466
Let c(y) = 8805*y - 43948. Give c(5).
77
Let o(b) = -15*b**3 + 36*b**2 - 12*b - 222. What is o(-5)?
2613
Let f(o) = -o**3 + 242*o**2 - 4381*o + 32127. What is f(223)?
15
Let b(j) = j**3 + 22*j**2 + 217*j + 632. Calculate b(-12).
-532
Let q(a) = a**3 - 151*a**2 - 2658*a - 468. Calculate q(167).
1870
Let h(a) = -a**3 - 29*a**2 - 4503*a - 68728. What is h(-16)?
-8
Let b(y) = -2*y**3 - 161*y**2 + 438*y + 114. Determine b(3).
-75
Let s(z) = -22*z**2 - 2284*z + 2741. What is s(-105)?
11
Let m(q) = 31687*q - 18695360. Determine m(590).
-30
Let v(t) = -5*t**2 + 372*t + 7447. What is v(-16)?
215
Let w(r) = 2*r**3 - 345*r**2 + 11954*r - 49. Calculate w(48).
47
Let p(x) = x**2 - 1360*x + 130640. Determine p(104).
16
Let z(b) = -8*b**2 + 16*b + 326. What is z(-8)?
-314
Let r(i) = -i**3 + 25*i**2 - 94*i + 921. Give r(23).
-183
Let v(a) = 62731*a + 690042. Determine v(-11).
1
Let c(j) = -j**3 + 38*j**2 - 112*j + 34. What is c(3)?
13
Let k(w) = -w**2 - 21*w + 6538. Determine k(71).
6
Let a(k) = -926*k**2 - 5201*k + 4. Determine a(-6).
-2126
Let c(s) = -3*s**2 + 285*s + 38241. Determine c(-75).
-9
Let i(s) = s**3 - 87*s**2 - 19271*s + 201. What is i(189)?
1524
Let y(f) = -f**2 - 9757*f - 783545. Give y(-81).
211
Let w(j) = -43982*j - 1759284. Determine w(-40).
-4
Let o(t) = -4*t**3 - 25*t**2 - 209*t - 1232. What is o(-6)?
-14
Let s(t) = 6*t**2 + 498*t + 614. Determine s(-83).
614
Let f(z) = -48*z**2 - 255*z + 78. What is f(-6)?
-120
Let p(g) = g**3 + 21*g**2 - 178*g - 3428. Calculate p(-22).
4
Let m(x) = -x**3 - 30*x**2 + 1087*x + 788. Calculate m(-51).
-28
Let f(s) = -5*s**2 + 820*s + 23623. Give f(189).
-2
Let g(w) = 2*w**2 - 216*w - 3618. Give g(123).
72
Let z(a) = -270*a + 14188. Give z(53).
-122
Let f(u) = -210*u**2 + 1028*u - 739. Determine f(4).
13
Let p(k) = -47349*k + 5634536. Give p(119).
5
Let b(g) = -g**3 + 149*g**2 + 5903*g + 18697. Give b(182).
-49
Let r(w) = -829*w + 42398. Give r(51).
119
Let g(y) = -57*y - 10650. Give g(-191).
237
Let h(r) = r**2 + 185*r + 2783. Determine h(-17).
-73
Let q(n) = -4752*n - 209084. What is q(-44)?
4
Let t(u) = -3762*u - 48953. Determine t(-13).
-47
Let j(p) = -4*p**2 - 57*p - 491. Calculate j(28).
-5223
Let u(p) = -625*p - 177298. What is u(-283)?
-423
Let b(s) = s**3 + 55*s**2 - 95*s + 985. Determine b(-57).
-98
Let r(y) = 26*y**2 - 3352*y - 21042. Determine r(-6).
6
Let s(h) = 706*h - 4231. What is s(6)?
5
Let c(j) = -j**3 - 732*j**2 - 14965*j - 24177. Give c(-711).
-3
Let d(l) = -14090*l - 42120. Give d(-3).
150
Let n(c) = 1040486*c - 6242898. What is n(6)?
18
Let y(f) = 3*f**3 + 100*f**2 + 392*f + 553. Calculate y(-29).
118
Let x(p) = 2*p**3 + 159*p**2 + 2107*p + 1782. Give x(-63).
18
Let j(l) = -3*l**2 - 980*l - 26635. Determine j(-297).
-202
Let o(q) = -3302*q - 33013. Give o(-10).
7
Let r(f) = -3*f**3 + 236*f**2 - 372*f + 421. What is r(77)?
1422
Let a(i) = -19460*i + 2082240. Calculate a(107).
20
Let r(f) = 6324*f + 12707. What is r(-2)?
59
Let z(q) = -187*q**2 - 548*q + 2. Determine z(-3).
-37
Let g(z) = -1303*z**2 + 23471*z - 130. Determine g(18).
176
Let h(b) = 5*b**3 + 446*b**2 + 30*b - 5249. Determine h(-89).
2
Let q(f) = f**3 + 178*f**2 - 5*f - 927. Calculate q(-178).
-37
Let j(n) = -73*n**2 - 76703*n + 21023. Give j(-1051).
3
Let j(c) = -c**2 - 624*c - 20150. What is j(-34)?
-90
Let l(m) = -36*m**2 + 802*m - 4353. What is l(13)?
-11
Let j(b) = -4*b**3 - 618*b**2 + 2187*b - 1042. What is j(-158)?
2908
Let y(z) = -33211*z + 265332. Give y(8).
-356
Let m(p) = 56223*p + 618454. Calculate m(-11).
1
Let m(i) = -69*i - 14882. Determine m(-218).
160
Let n(p) = 4*p**2 - 2204*p + 4390. Give n(2).
-2
Let c(o) = -11*o**2 + 3877*o + 5762. Give c(354).
-256
Let n(c) = 301*c - 109567. Determine n(364).
-3
Let m(z) = -6101*z + 446038. Calculate m(73).
665
Let w(a) = 3639*a**3 + 5*a**2 + 115*a + 115. Determine w(-1).
-3634
Let j(c) = -c**3 + 9*c**2 + 29*c + 858. Give j(15).
-57
Let r(h) = -9957*h - 1025577. Determine r(-103).
-6
Let z(u) = u**3 + 24*u**2 + 92*u + 392. Give z(-24).
-1816
Let s(t) = t**2 - 21*t - 9. What is s(22)?
13
Let m(x) = 69*x**2 + 312*x - 481. Determine m(-9).
2300
Let m(q) = 4*q**3 - 23*q**2 - 3*q - 2. What is m(10)?
1668
Let y(p) = 66*p**2 - 718*p + 70. Give y(14).
2954
Let s(i) = -16*i**2 - 5612*i - 38497. Determine s(-7).
3
Let x(g) = 92840*g - 22003078. Calculate x(237).
2
Let x(h) = h**3 + 312*h**2 + 2120*h - 4554. Determine x(-305).
21
Let o(p) = 5*p**3 + 8197*p**2 + 81471*p + 21. Give o(-10).
11
Let z(j) = -j**2 - 4565*j + 96308. Give z(21).
2
Let p(o) = -o**2 - 4248*o + 81047. What is p(19)?
-26
Let b(l) = 2*l**3 - 2*l**2 + 603*l + 2476. What is b(-4)?
-96
Let p(j) = j**3 + 10*j**2 - 625*j - 817. Give p(-30).
-67
Let b(y) = -y**3 - 8*y**2 + 1089*y - 31. Calculate b(29).
433
Let o(f) = -15*f**3 - 1230*f**2 + 3823*f